uppose -4*k + 28439 = z, -q*k = -11*k + 5*z + 21312. Is k a composite number?
False
Let n = -7275 + 11542. Is n a composite number?
True
Let n(j) = -715*j - 11. Let h(t) = 2*t + 2. Let k(g) = -5*h(g) + n(g). Is k(-20) composite?
False
Suppose 0 = -0*h - h + 7. Let x = -46 + 231. Suppose -74 = -h*a + x. Is a a prime number?
True
Suppose 0 = -2*j + 4*u + 44 + 18, -2*j = 3*u - 69. Suppose j*i - 10387 = 20*i. Is i prime?
False
Suppose -c + 119951 = -2*t, 52*t = 4*c + 50*t - 479810. Is c composite?
False
Suppose -10*a + 4*a = -72. Let u be (2 + (-21)/12)*a. Suppose -u*x + 357 = -3*s, 3*x - 2*x - 2*s - 119 = 0. Is x prime?
False
Let q = 408 - 215. Let w be (-42504)/(-216) - (0 + (-2)/9). Suppose -w*h + q*h = -11708. Is h a prime number?
True
Suppose -5*h + z = -52, z = -3*h - z + 26. Suppose 0 = -h*m + 16*m. Suppose 5*i = 4*u - 472, 4*u - 468 = -m*u + 4*i. Is u a prime number?
True
Let u(x) = -9*x**3 - 3*x**2 - 21. Let s be u(-7). Suppose -10*l + 31139 - s = 0. Suppose 0 = 3*n + 575 - l. Is n a prime number?
False
Suppose -25391 - 40271761 - 76516468 = -220*k. Is k a prime number?
False
Let d be -1 - (3 + 0) - -7. Suppose -4*x = 4*b - 15 - 9, 0 = 4*b - 4*x - 16. Suppose -b*j + 606 = -d*j. Is j composite?
True
Suppose 3*v + 0 = 24. Suppose -8 = m - 7*f + 2*f, -3*m - f - v = 0. Is m/(24/(-62))*12 composite?
True
Is (6/36)/((-7)/(-327390)) a composite number?
True
Suppose 5*t + 5*n - 6*n - 75 = 0, 0 = 2*n + 10. Is 6/t + (-3219)/42*-4 a prime number?
True
Suppose 0 = -n + 9*n + 3788483 - 11379915. Is n prime?
True
Let c be 5/(25/(-60)) - -5. Let d(k) = 8*k**3 + 14*k**2 - 52*k + 28. Let r(t) = -3*t**3 - 4*t**2 + 17*t - 9. Let b(g) = c*r(g) - 2*d(g). Is b(6) composite?
False
Suppose -26 = 3*r + 4*s, 0 = -5*r + 3*s + 3 + 2. Let v(i) = 3*i + 467*i**2 + 5*i - 5*i + 3. Is v(r) prime?
False
Let i(y) = y**3 + 4*y**2 - 26*y + 179. Let s be i(-9). Let k(c) = c + 1. Let u(w) = -154*w + 9. Let b(t) = -4*k(t) - u(t). Is b(s) a composite number?
False
Let m = 1995 + 247. Suppose y + 2*y - 12 = 0. Suppose -3*k - 300 = 4*s - 1997, -5*s = -y*k + m. Is k prime?
True
Suppose -4*n + 16 = 2*w + w, 3*w + 2*n - 8 = 0. Is 1962 + 20/(w - -4) a prime number?
False
Let p = -100471 - -293892. Is p composite?
True
Let w(q) be the first derivative of q + q**2 - 3 + 119/3*q**3. Is w(-1) composite?
True
Suppose 4*p - 5*p = 5*t - 12648, -4*t - 2*p = -10122. Let l = t + 1455. Suppose -2*f = 1498 - l. Is f a composite number?
True
Let g = 8504 - 333. Is g a prime number?
True
Let z(i) = 19*i - 7. Let b be z(-14). Let k = b - -497. Suppose 3*o - k = 109. Is o prime?
False
Let b(r) = 3*r + 1. Let m be b(1). Let n(w) = -1464*w - 83. Let u be n(-1). Suppose m*k = 3*k + u. Is k a prime number?
True
Is (-112)/28*(-12107)/4 prime?
True
Let i(w) = w**3 - 6*w**2 - 8*w + 18. Let x be i(7). Suppose o + 3 = 0, 7*k + o + 68671 = x*k. Is k prime?
True
Suppose -10*t + 14*t = 20. Suppose -t*h = b - 31, -3*b + 5 = 2*b. Is 4/8 - (-939)/h a prime number?
True
Suppose 26579 = 2*d - 25756 - 5213. Is d a composite number?
True
Let i = 23 + -31. Let x(s) = -206*s + 48. Let w be x(i). Let t = w - 1023. Is t a prime number?
True
Suppose -280*z + 145896416 = 218*z - 235512322. Is z prime?
True
Let q be 0*(-10)/(-70)*2/(-6). Suppose 4*a + u = 60475, q = -11*a + 13*a - 3*u - 30241. Is a composite?
True
Suppose -3*s - v + 4*v + 5787 = 0, 1931 = s - 2*v. Let c = s - 786. Is c a composite number?
True
Let w(c) = -c**2 + 2*c + 1812. Let v be w(0). Suppose 6*y - v = -0*y. Is y + 1 + 0/1 prime?
False
Let q(w) = -2*w - 35. Let j be q(-15). Is (-1)/2*j*(227 - 1) composite?
True
Suppose 5*k = -2*k - 49. Let n(t) = 2*t**3 + 15*t**2 + t + 5. Is n(k) a prime number?
True
Suppose 0 = 42*g - 36*g + 792. Let m(p) = p**3 + 3*p**2 + 7*p + 4. Let z be m(-5). Let i = z - g. Is i prime?
False
Let v = 426007 - 205926. Is v prime?
False
Let y be (1 + -7)/(14/7). Let x be 1/y + (-1 - (-377)/(-3)). Let u = -30 - x. Is u composite?
False
Suppose 19*z + 9*z = -5*z + 8139813. Is z a composite number?
False
Suppose -4*h + 363385 + 219283 = 4*y, 0 = 5*h - y - 728299. Is h composite?
False
Let w(p) be the second derivative of -p**4/12 + 9*p**3/2 + 57*p**2/2 - 2*p. Suppose 0 = d + 3, -10*a + 5*a + d + 98 = 0. Is w(a) prime?
False
Suppose -2*a - 13818431 = -54*a + 3791837. Is a prime?
True
Let o = 495 + -491. Is (((-95408)/(-12))/o)/(2/6) composite?
True
Let q(o) = 37*o**3 + 4*o**2 - 32*o + 278. Is q(9) prime?
False
Suppose 3230 = -2*j + 7*j. Let v = -255 + j. Is v prime?
False
Let i(u) = -45*u - 45. Let x be i(-3). Suppose -x*z + 88*z + 3106 = 0. Is z a composite number?
False
Let n(p) = 29180*p + 77. Is n(1) prime?
False
Let a(m) = 2924*m + 3919. Is a(12) a composite number?
True
Let b(c) = 14505*c**2 - 1260*c + 1. Is b(-5) composite?
True
Let v(h) = 9*h + 11. Let j be v(3). Let t = j - 29. Suppose 2*w = -t + 1, -3196 = -4*p + 2*w. Is p prime?
True
Let x = 41 - 37. Suppose -6 = j - 3*j, 3*s + x*j - 3 = 0. Let g = s + 34. Is g composite?
False
Let s(m) = m**2 - 21. Let g be s(0). Let y be 2/14 - (-2019)/g. Let l = 389 - y. Is l a prime number?
False
Suppose -5*i + 37 = 3*t, -3*t - i = -0*t - 29. Suppose -13*b + t*b + 2112 = 0. Let s = b + -199. Is s prime?
False
Let v = 194 + -190. Suppose 5*p + v*f + f = 31010, p = 2*f + 6187. Is p a prime number?
True
Let x = -199114 - -377405. Is x prime?
False
Is -5 + 252/52 + 2853185/65 prime?
False
Is (2/(-6))/(187/(-15449379)) prime?
True
Is (-53)/(10017/(-16986996)) + 2/(-7) prime?
False
Suppose -549 = -33*u + 606. Suppose u*x + 13605 = 38*x. Is x a prime number?
False
Let h = -59 + 501. Let d = 69 + h. Is d a prime number?
False
Suppose 5*f - 357308 = -6*w, 0 = -2*f - 7*w + 11*w + 142904. Is f a composite number?
True
Suppose -158852 = 4*i + o + 4*o, 2*i + 79444 = 2*o. Let y = 80457 + i. Is y a prime number?
True
Suppose 11*f = 1768 + 47. Let q be 22/f - 86/(-30). Suppose -2*u = -q*j + 2115, -u - 422 - 284 = -j. Is j a composite number?
True
Let p be 10/55 + 2/(-11). Suppose 295*z - 300*z + 20515 = p. Is z prime?
False
Let q(w) = 410*w**2 - 5*w - 12. Let n be q(7). Suppose 2*x = 3*o + 4*x - n, -5*x + 13351 = 2*o. Is o prime?
False
Let l be 18/(-4)*-2*(-10)/(-15). Let b be (l - 4 - 4) + 6. Suppose -b*d + 1315 = -657. Is d prime?
False
Let s(g) = 1065*g + 29. Is s(2) composite?
True
Let b be (-70)/12 + 3/(-18). Let l be -5 + -5*(b + 5). Let d(j) = j**3 + j**2 - j + 467. Is d(l) a prime number?
True
Let j(m) = -83111*m - 164. Let k be j(-4). Suppose -44817 = -21*d + k. Is d composite?
False
Let l be (-3*(-4)/36)/((-2)/12). Let t be (-12 - -13)/(l/(-10)). Suppose -s = 3*h - 1055, -5*s - t*h = -1732 - 3543. Is s composite?
True
Let f = 3222 + -1151. Suppose j = -5*o + f, -2*o - j + 823 = -6*j. Let i = 35 + o. Is i prime?
True
Suppose -90507264 = -346*n + 107186240 - 38908222. Is n a composite number?
False
Suppose 2*t - 130427 - 408585 = -2*t. Is t composite?
False
Suppose 3*z - 128*n - 1869286 = -127*n, -5*z = 5*n - 3115430. Is z prime?
False
Let k(p) be the first derivative of -13*p**2 - 1/3*p**3 - p + 19. Is k(-20) a composite number?
True
Suppose c - 4 = 3*t - 14, -10 = -5*t + 5*c. Suppose 0 = -2*i + t*i - 182. Is i composite?
True
Let n(o) = 35738*o**2 + 205*o + 204. Is n(-1) prime?
False
Suppose -5*r - 16 = 2*d, 0 = -6*r + r. Is (d + 17002)/(-2)*-1 a composite number?
True
Suppose 0 = -2*h + 4*p + 54, p - 17 - 7 = -h. Suppose 0 = h*y - 20*y - 13835. Is y prime?
True
Suppose -3*x + 5*w = -503703, -154*w + 150*w = -x + 167915. Is x a prime number?
True
Suppose -9937 = -h + 4*s, 0 = -5*s - 24 - 1. Is h composite?
True
Suppose -2*j = -j. Suppose 2*b + 1 - 5 = j. Suppose -5*m + 3962 = 4*h, -987 = b*h - 3*h - 3*m. Is h a prime number?
False
Let c(l) be the first derivative of 27*l**3/2 - 20*l**2 + 7*l + 27. Let j(u) be the first derivative of c(u). Is j(14) prime?
False
Let t be 101 + (0 + -4)/(-4). Suppose -9*y + 11*y - t = 0. Suppose y = 7*v - 6*v. Is v prime?
False
Suppose 0 = -4*x + 5*g + 96320, -x + 7*g - 2*g = -24065. Suppose -x = 2*y + 314015. Is (-2)/(-13) - y/182 composite?
False
Let a(u) = -u**2 - 20*u + 11. Let k(w) be the third derivative of w**4/24 - 14*w**2. Let n(r) = a(r) + 2*k(r). Is n(-12) a prime number?
True
Let s be 0*7/63*1. Suppose 0 = -s*j + 9*j - 22311. Is j a prime number?
Fals